71 - -45)?
28
Evaluate -5 + (16 + -7 + 1 - -7) + 24 + -34.
2
What is the value of (11 - (1 - (-5 - -8))) + 8 + -43?
-22
(1 - 24) + (698 - 659) + (-25 - 1)
-10
What is (-16 - 1) + 24 + -15 + -9 + 5?
-12
What is 52 - (-26 + (-10 - -10) - -8)?
70
1 - -53 - ((18 - 48) + 13 + 21) - -2
52
Evaluate 118 + (4 - ((-15 - -5) + 28)).
104
What is 1 + -33 - ((-11 - -14) + (4 - -1)) - -10?
-30
Calculate (-8 - 0) + -118 + 70 + 2.
-54
Evaluate -1 + 6 - (-30 + 13 + 9 + 5 + 51).
-43
What is -126 + (13 - -42) - -30?
-41
Evaluate (0 + -3 - (-149 + 139) - 5) + -41.
-39
What is 73 - ((-35 - (9 - 28 - 4)) + -9)?
94
What is 823 + -811 - (5 + 1 + 0 - 46)?
52
Evaluate -27 - -48 - -100 - 45.
76
-26 + 4 + -9 - (-19 + -41 + 47)
-18
What is ((-42 + -1 - -9) + -13 - -6) + -10?
-51
What is 0 - 6 - (-88 - -54 - 18)?
46
11 - (14 - 23) - 34 - ((-4 - -3) + -9)
-4
Evaluate -126 + 200 - (-24 - -2) - (2 + -2).
96
What is -1 - (10 + 0 - (116 - 93 - (3 - -77)))?
-68
47 - (38 - 3) - (1 + -4)
15
What is the value of 118 - 79 - 109 - 15?
-85
Calculate (-1 - (-15 + -2)) + (272 - 338).
-50
What is the value of 8 + -6 - (-24 - -27 - 18)?
17
What is 2 + -12 - (-14 + (16 + 19 - 1 - -9))?
-39
Calculate 2810 - 2840 - (-41 - 1).
12
What is 70 - ((38 - 40 - (-9 - 1) - 13) + -5)?
80
Evaluate (-6 - -1) + (101 - 92) + (6 - -2) + 17.
29
What is the value of 25 + 10 + 51 + -67 + (3 - -9)?
31
7 - -5 - (-1 - 6 - -94) - -13
-62
Evaluate -1 + 28 + (3 + 3 - 5) - (9 - 0).
19
-52 + (74 - 24) + (-10 + 7 - 0) + -42
-47
Calculate (-31 - 41 - -38) + 12.
-22
9 - (43 - ((33 - 8) + 5))
-4
50 + (-6 - (-2 - 10 - (-89 - -76)))
43
Evaluate (-33 - -8) + (31 - 26) + 73.
53
What is the value of -15 + 4 - -1 - (27 - 24 - 36)?
23
Calculate -25 - (58 + -138 - -60).
-5
Evaluate 998 + -902 - (0 + 81).
15
What is 144 + -13 + -2006 + 1771?
-104
0 + 23 + -29 + 7 + (46 - (0 + 2))
45
Calculate -88 + 12 + 5 + 3 + -3 + -20 + 11.
-80
Evaluate 22 - (4 + 0 + -3) - (340 + -352).
33
What is the value of (-3 - -11) + 3 + (8 - -3) + -5?
17
What is -20 + (93 - 88) + -2 + 3?
-14
Calculate 63 - (88 - (10 - 25)).
-40
What is 24 + -2 - ((7 - -10) + -28)?
33
What is the value of (-14 - -2) + (-34 - -34) - (10 + -145 - -1)?
122
Calculate 3 - (0 + 66 + -42).
-21
What is the value of (0 - 3) + -5 + (127 + -49 - 4)?
66
1 + 23 - (-25 + 15 - (-14 + 8))
28
Calculate (29 - (-35 + 19 + 53)) + (2 - -26).
20
What is the value of -147 - -19 - (2 + 18 + -16 + 7 - -3)?
-142
Calculate -3 + (36 + -31 - -13).
15
Evaluate 8 - ((3 - (19 - 6)) + (98 - 3) + -2).
-75
Calculate 14 + -3 + -22 + -20 + -12.
-43
What is the value of 5 + 7 + 9 + -3 + -20 + -45?
-47
Evaluate 33 - (33 - 28 - -25).
3
What is -24 - (15 - (17 - 9)) - -25?
-6
What is the value of -1 - (-34 + (-3 - (4 + 16)))?
56
(2 + (0 - -3) - (-513 + 530)) + -25
-37
(-21 - -31) + -13 - -18 - -31
46
-5 + (18 - 16) - -52 - (0 - 2)
51
Evaluate -3 - (-41 + 48 + -16) - ((0 - -2) + 57).
-53
Evaluate -120 + 16 - (-18 + -1 + 25 + -5).
-105
Calculate -3 - (-28 - -22) - (2 + -4 - (3 - -73)).
81
What is the value of (-11 - 24) + 87 - 12?
40
Evaluate -8 - 147 - -141 - (-89 - 2).
77
Calculate -9 - -3 - -16 - (44 - 26 - 32).
24
What is the value of 13 + (127 - (18 + 87))?
35
Evaluate -18 - 10 - (10 - (39 + -9)).
-8
-1 - (-9 + (-3 - -1)) - (-114 - 82 - -221)
-15
Evaluate (-9 - (26 - 22 - 19)) + 1 + -28.
-21
What is (2 + -16 - -25 - -2) + 3 + -5?
11
What is 10 + 56 + -62 + (-2 - (-1 + (-4 - -1)))?
6
What is -39 + (-3 - -3 - (13 - (-1 - -8)))?
-45
Calculate (-2 - -5 - 10) + 14 - 8 - -13.
12
What is the value of 84 - (2 + (-11 - (9 - (8 - 15))) + 11)?
98
(-33 + 7 - -16) + 135 + -10
115
What is -103 + (-42 - (-35 + -25)) + (1 - -1) + -6?
-89
What is the value of 0 + 2 + (1 + 11 - (-3 - 7))?
24
(-186 - -7) + (270 - 117)
-26
Calculate 7 + (-15 - (-12 + 1)) + (-17 - 3) + 6.
-11
-17 - (-58 + (-4 - (8 + -6)))
47
0 - 70 - (-2556 + 2433)
53
(-3 + 3 - (-156 - -144)) + (-2 - -3) + 35
48
Calculate 8 + -30 + (62 - (4 + 7)).
29
What is the value of 7 + -14 - (56 + -16) - -2?
-45
33 - ((-11 - (4 + -39 + -3 + 11)) + -3)
20
What is (4 - -10) + -7 - 96 - (-15 - (7 - 28))?
-95
-366 + 301 + (9 - -7)
-49
Calculate 53 - (14 + 0 + -12) - (-2 + (2 - -2)).
49
What is 20 + (17 - -19) + 2 + 4 + -11 + 1?
52
Calculate -36 + 3 + (30 - 127) + 112.
-18
Evaluate (-40 - (43 - 25) - -21) + (-5 - -1).
-41
Evaluate (-22 - -1) + 3 + 22 + (56 - 94).
-34
Evaluate 16 - (-13 - (-4 + 2 + 8)).
35
Calculate (-7 - 49) + 8 + 51.
3
What is -8 + ((152 - 173) + (11 - -4) - (-15 - 0))?
1
Calculate 11 + (-53 - (-19 - -15 - 8) - 3).
-33
Evaluate -71 + 60 + 48 + 6.
43
39 - (-218 + 105 + 109)
43
Evaluate 4 - ((8 + 21 + 4 - (5 + -6)) + -3).
-27
What is the value of -769 + 728 + (77 - -11)?
47
What is the value of -49 + 1 + 52 + 13 + 4 - 132?
-111
Calculate -16 - (-58 + 27 + (-12 - -2)).
25
What is the value of -71 + 70 - (1 + -30) - -22?
50
Evaluate -56 - (-526 + 528 - (21 - -1)).
-36
13 - (-354 - -336 - (-1 - 14) - (2 - -2))
20
What is the value of (19 - -31) + -17 - 32 - (17 - 0)?
-16
What is -9 + 3 + 2 + -6 + 56 + -80 + 44?
10
Calculate -3 + (7 - (1 - (-9 + 7 + 1)) - 10).
-8
What is (33 - 32) + -260 + 202?
-57
Evaluate 5 + (-10 - (1 + 5 + -7 + 34)).
-38
(1 - 50) + (22 - (20 - 8)) + 0
-39
What is (13 - 1) + (1 - (8 - 12 - 8))?
25
What is -1 + (-1 - -33) - (104463 - 104469)?
37
What is 23 + -1 - (17 - (15 + (14 - 7))) - -6?
33
What is the value of -12 - (-13 + -2 - (3 - (-17 + 6)))?
17
Calculate 59 + (-17 - (9 + -31) - (0 - -6)) + -3.
55
What is the value of (-10 - -1) + (-53 - -70) + -75?
-67
What is the value of -10586 - -10584 - (-37 + 1 - (2 + 0))?
36
Calculate 11 - (7 + -5) - (6 - 4 - (6 - -38)).
51
(-5 - -27) + 9 + (-24 - -17) - 99
-75
What is -29 + (-3 + 69 - 28) + (26 - (-6 + 9))?
32
What is 0 + 20 + (2 - -53 - 20) + -31?
24
What is the value of (-2 - 15) + -1088 + 1116 - (-8 + -1)?
20
Calculate 4 + 0 + -3 + (-26 - (2 - -3 - 30)).
0
Evaluate 84 + 41 + (39 + -33 - (-13 + 5)).
139
What is (1 - 0 - (-1007 + 980)) + -93?
-65
Calculate (1809 - 1863) + 55 + 0.
1
-31 - (-43 + (37 - 39))
14
Evaluate (3 - 1) + -5 - 1 - (-45 + 122 + -38).
-43
Evaluate -175 + 58 + 81 + (2 - 1 - 10) + 1.
-44
What is the value of -30 + (-39 - 1 - -32)?
-38
What is 81 + (-93 - -133) + -26 + 0 + -20?
75
-58 + 4 - (-14 - (13 + -16) - -9)
-52
Evaluate (999 - 1045) + (27 - 7) + 1 + 2.
-23
74 + (-62 - -38 - 13) - -107
144
Evaluate -8 + (-2 - -3) + (-18 - -28).
3
Evaluate (-16 - -23) + (-1 - -3) - 31.
-22
-5 - (0 + 4 - (-5 - (4 - 13)))
-5
What is 0 + 7 - ((50 - (52 - 31)) + 10)?
-32
Calculate 1 + -48 + (-16 + 48 - (23 - 3)) + -8.
-43
Calculate 1 - 0 - (-280 + 276 - (1 - -64)) - 8.
62
Evaluate (72 - (83 + -6)) + -27 + (2 - 0).
-30
Evaluate -136 - -137 - 105 - -216.
112
Evaluate (-77 - -13) + -2 + -21 + 15.
-72
What is the value of (12 - -1 - ((41 - 44) + 102)) + -3?
-89
What is the value of (-35 - -25) + 29 - (-3 + 8 - (-1 + 4))?
17
What is 88 + 399 - 483 - ((31 - -1) + 3 + -2)?
-29
Calculate -77 - -94 - (5 + -18).
30
Evaluate (265 - (257 - -3)) + -16 + (0 - 1).
-12
Evaluate 134 + -48 - 26 - 38.
22
What is 19 + -15 - (182 - 179 - (0 - 0 - -24))?
25
-15 + 12 + 0 + 7 - (1 - (-55 + -1))
-53
Evaluate (-338 - -300) + (-26 - -6).
-58
What is (-7 - (0 + -2)) + (2864 - 2835)?
24
What is -3 - (35 + -57 - -9)?
10
What is the value of 16 + -26 + (40 - 20) + -38?
-28
Evaluate -227 + (-78 - (-207 + 17)).
-115
Calculate 26 + (-4 - -13 - 15).
20
Evaluate -2 - 1 - (1 + -12 - (-288 + 269)).
-11
(244 - 90) + -84 - -41
111
Evaluate (2 - -43 - 5) + (5 - 2 - (-36 - -46)).
33
What is -14 + (7 - 13 - -80) - 18?
42
Evaluate 0 + 27 + -1702 + 1719.
44
Evaluate -179 + 156 + (-127 - -43).
-107
What is the value of (0 - 3) + 0 - (-3 - 11 - -23)?
-12
What is -7 + (-5 + 1 - (3 - 3) - -11) + 33?
33
What is 31 - (64 + -59 + -9)?
35
Calculate 1 + -23 + (-81 - (12 - 88)).
-27
Evaluate 3 + (72 - 61) + (-1 - 3) + (-2 - 68).
-60
Calculate -8 - ((-29 - (-26 - 2)) + (0 - -7) + -18).
4
What is -5 + 1 + (-16 + 18 - -14) + -24?
-12
25 - (9 - ((1 - -2) + -12)) - -65
72
-3 - (52 - (19 - -22))
-14
Calculate 61 - (108 + -74 - 41).
68
Evaluate 204 + -196 - ((12 - 8) + (0 - -44)).
-40
12 - ((-39 - 72) + 17)
106
Evaluate 17 + (-9 - -13 - 14) + -59.
-52
Calculate -19 + (-6 + 20 - (-6 + 20)).
-19
What is the value of -73 - ((16 - (4 + 10)) + (-17 - (-7 + 1)